{"id":21,"date":"2012-03-18T10:30:45","date_gmt":"2012-03-18T10:30:45","guid":{"rendered":"http:\/\/www.inambiente.it\/new\/?page_id=21"},"modified":"2012-04-30T15:21:49","modified_gmt":"2012-04-30T15:21:49","slug":"policy","status":"publish","type":"page","link":"http:\/\/www.inambiente.it\/index.php\/policy\/","title":{"rendered":"Policy"},"content":{"rendered":"<div id=\"ri_adv_end_content\"><script async src=\"\/\/pagead2.googlesyndication.com\/pagead\/js\/adsbygoogle.js\"><\/script>\r\n\t\t\t\t<!-- Appunti Ingegneria -->\r\n\t\t\t\t<ins class=\"adsbygoogle\"\r\n\t\t\t\t\t style=\"display:block\"\r\n\t\t\t\t\t data-ad-client=\"ca-pub-5194127282884067\"\r\n\t\t\t\t\t data-ad-slot=\"8299779634\"\r\n\t\t\t\t\t data-ad-format=\"auto\"><\/ins>\r\n\t\t\t\t<script>\r\n\t\t\t\t(adsbygoogle = window.adsbygoogle || []).push({});\r\n\t\t\t\t<\/script><\/div><p>InAmbienTe.it non \u00e8 una rivista on-line, non \u00e8 un prodotto editoriale, n\u00e9 tantomeno un servizio a scopo di lucro. InAmbiente.it \u00e8 un portale libero ed aperto agli studenti di qualsiasi tipologia esistente, anche se principalemte orientato agli studenti di ingegneria e in particolar modo in ingegneria per l\u2019ambiente ed il territorio.<\/p>\n<p>Tutto il materiale presente sul sito \u00e8 di propriet\u00e0 dei rispettivi autori, se i messaggi nel forum o il materiale in download recano danno o offese, chiunque \u00e8 pregato di segnalarle all\u2019amministratore che provveder\u00e0 immediatamente e rimuoverle.<\/p>\n<p>Lo scopo di InAmbienTe.it \u00e8 solo quello di promuovere la condivisione del materiale didattico conquistato durante le lezioni, sia esso composto da appunti o composto da materiale di diverso formato.<\/p>\n<p>L\u2019amministratore declina ogni possibile coinvolgimento in operazioni lucrose o che violino le leggi in vigore.<\/p>\n","protected":false},"excerpt":{"rendered":"<p>InAmbienTe.it non \u00e8 una rivista on-line, non \u00e8 un prodotto editoriale, n\u00e9 tantomeno un servizio a scopo di lucro. InAmbiente.it \u00e8 un portale libero ed aperto agli studenti di qualsiasi tipologia esistente, anche se principalemte orientato agli studenti di ingegneria e in particolar modo in ingegneria per l\u2019ambiente ed il territorio. Tutto il materiale presente [&hellip;]<\/p>\n","protected":false},"author":1,"featured_media":0,"parent":0,"menu_order":0,"comment_status":"open","ping_status":"open","template":"","meta":{"_links_to":"","_links_to_target":""},"yoast_head":"<!-- This site is optimized with the Yoast SEO plugin v15.1.1 - https:\/\/yoast.com\/wordpress\/plugins\/seo\/ -->\r\n<meta name=\"robots\" content=\"index, follow, max-snippet:-1, max-image-preview:large, max-video-preview:-1\" \/>\r\n<link rel=\"canonical\" href=\"https:\/\/www.inambiente.it\/index.php\/policy\/\" \/>\r\n<meta property=\"og:locale\" content=\"it_IT\" \/>\r\n<meta property=\"og:type\" content=\"article\" \/>\r\n<meta property=\"og:title\" content=\"Policy - InAmbienTe\" \/>\r\n<meta property=\"og:description\" content=\"InAmbienTe.it non \u00e8 una rivista on-line, non \u00e8 un prodotto editoriale, n\u00e9 tantomeno un servizio a scopo di lucro. InAmbiente.it \u00e8 un portale libero ed aperto agli studenti di qualsiasi tipologia esistente, anche se principalemte orientato agli studenti di ingegneria e in particolar modo in ingegneria per l\u2019ambiente ed il territorio. Tutto il materiale presente [&hellip;]\" \/>\r\n<meta property=\"og:url\" content=\"https:\/\/www.inambiente.it\/index.php\/policy\/\" \/>\r\n<meta property=\"og:site_name\" content=\"InAmbienTe\" \/>\r\n<meta property=\"article:publisher\" content=\"https:\/\/www.facebook.com\/inambiente\" \/>\r\n<meta property=\"article:modified_time\" content=\"2012-04-30T15:21:49+00:00\" \/>\r\n<meta name=\"twitter:card\" content=\"summary\" \/>\r\n<script type=\"application\/ld+json\" class=\"yoast-schema-graph\">{\"@context\":\"https:\/\/schema.org\",\"@graph\":[{\"@type\":\"WebSite\",\"@id\":\"http:\/\/www.inambiente.it\/#website\",\"url\":\"http:\/\/www.inambiente.it\/\",\"name\":\"InAmbienTe\",\"description\":\"Il Portale degli Studenti di Ingegneria\",\"potentialAction\":[{\"@type\":\"SearchAction\",\"target\":\"http:\/\/www.inambiente.it\/?s={search_term_string}\",\"query-input\":\"required name=search_term_string\"}],\"inLanguage\":\"it-IT\"},{\"@type\":\"WebPage\",\"@id\":\"https:\/\/www.inambiente.it\/index.php\/policy\/#webpage\",\"url\":\"https:\/\/www.inambiente.it\/index.php\/policy\/\",\"name\":\"Policy - InAmbienTe\",\"isPartOf\":{\"@id\":\"http:\/\/www.inambiente.it\/#website\"},\"datePublished\":\"2012-03-18T10:30:45+00:00\",\"dateModified\":\"2012-04-30T15:21:49+00:00\",\"inLanguage\":\"it-IT\",\"potentialAction\":[{\"@type\":\"ReadAction\",\"target\":[\"https:\/\/www.inambiente.it\/index.php\/policy\/\"]}]}]}<\/script>\r\n<!-- \/ Yoast SEO plugin. -->","_links":{"self":[{"href":"http:\/\/www.inambiente.it\/index.php\/wp-json\/wp\/v2\/pages\/21"}],"collection":[{"href":"http:\/\/www.inambiente.it\/index.php\/wp-json\/wp\/v2\/pages"}],"about":[{"href":"http:\/\/www.inambiente.it\/index.php\/wp-json\/wp\/v2\/types\/page"}],"author":[{"embeddable":true,"href":"http:\/\/www.inambiente.it\/index.php\/wp-json\/wp\/v2\/users\/1"}],"replies":[{"embeddable":true,"href":"http:\/\/www.inambiente.it\/index.php\/wp-json\/wp\/v2\/comments?post=21"}],"version-history":[{"count":3,"href":"http:\/\/www.inambiente.it\/index.php\/wp-json\/wp\/v2\/pages\/21\/revisions"}],"predecessor-version":[{"id":646,"href":"http:\/\/www.inambiente.it\/index.php\/wp-json\/wp\/v2\/pages\/21\/revisions\/646"}],"wp:attachment":[{"href":"http:\/\/www.inambiente.it\/index.php\/wp-json\/wp\/v2\/media?parent=21"}],"curies":[{"name":"wp","href":"https:\/\/api.w.org\/{rel}","templated":true}]}}